 composite?
False
Let c be -1*(0 + -29) + -2. Let y = c - -32. Is y a composite number?
False
Suppose -2*h = 32 + 170. Let z = 286 + h. Is z composite?
True
Let a(o) = -29*o - 13. Is a(-12) prime?
False
Suppose c + 4*f + 3 = -f, c - f = 3. Is (-183)/((-3)/c - 0) a prime number?
False
Let k(c) be the first derivative of c**3/3 + 2*c**2 + 11*c + 2. Is k(-8) composite?
False
Is (1 - 1/(-2))/(66/37972) composite?
False
Is ((-254)/(-8))/(13/52) a prime number?
True
Suppose -2*m - m + 22 = 4*s, 0 = 4*s + 4*m - 24. Suppose -4 = s*g + 4. Is 109*(2 + -3 - g) prime?
True
Let a(h) = -108*h - 5. Is a(-2) composite?
False
Let o(m) = 11*m**2 + 2*m - 1. Suppose -2*x + 0*j - 8 = 2*j, -2*x = -4*j - 4. Is o(x) a composite number?
True
Suppose -2*o + z = 205, o + 0*o = 3*z - 110. Let p = -30 - o. Is p prime?
True
Suppose -5*m + 7*m - 114 = 0. Is m composite?
True
Suppose -5*l - 5 = 0, -5*l - 2258 = -2*c + 817. Is c a prime number?
False
Is 0 - 2/4 - 39021/(-6) a prime number?
False
Let n be (0 - 6)/(-3) - 0. Suppose a = -n*l + 7, 5*a - 9 = -2*l + 18. Suppose -d - 766 = -4*d + 5*p, d - 252 = a*p. Is d prime?
True
Suppose 25 = -m + 6*m. Suppose -m*i + 3*q = -14 + 5, i = -3*q + 9. Is 45/i + 2 - 2 a prime number?
False
Suppose 3*m - 1179 = -7*t + 3*t, 5*t + 5*m = 1480. Is t a composite number?
True
Suppose 5010 = 8*c - 2*c. Is c prime?
False
Suppose 4*i + 34 = 5*i. Is i a prime number?
False
Let g(j) = 3*j**2 + 2*j - 1. Let y(i) = 6*i**2 + 4*i - 2. Let o(v) = -11*g(v) + 6*y(v). Let n be o(1). Is (242/(-4))/((-2)/n) a composite number?
True
Let t(a) = -a**2 - a - 1. Let l be t(-7). Let f = l + 96. Is f a prime number?
True
Suppose -2*v + 416 = -4*g, 4*g - g = 4*v - 852. Let x = -101 + v. Suppose 13 - x = -2*s. Is s a composite number?
True
Suppose 0 = -2*n - 5*z - 117, -2*n + n + 3*z = 64. Let a = 36 - n. Is a a composite number?
False
Let s be (32/6)/((-2)/(-111)). Let p = -181 + s. Is p a composite number?
True
Let q(r) = r**3 + 3*r**2 - 6*r. Let z be q(-5). Let g = z - -37. Suppose -j = -4*b - g, 0*j = j - 3*b - 22. Is j a prime number?
True
Is (-1 - 0)/(2/(-218)) a composite number?
False
Let m = 3454 - 1890. Suppose b = -2*q - b + 782, m = 4*q - 5*b. Is q prime?
False
Suppose -3472 = -2*m - 5*z + 1256, -4*m = -2*z - 9432. Is m composite?
True
Is 19/((1 - -2)/6) a prime number?
False
Let x(z) be the second derivative of z**5/60 + 5*z**4/24 + 5*z**3/6 + z**2/2 + z. Let y(w) be the first derivative of x(w). Is y(-6) composite?
False
Suppose 4*t - 1506 = -278. Is t prime?
True
Let j = 12 + -7. Let d(v) = 14*v - 3. Is d(j) a prime number?
True
Let b(f) = f**2 - f + 1. Let o be b(0). Suppose g - 3 = -o. Suppose -x - 4*q + 295 = 4*x, -3*x + 177 = g*q. Is x a composite number?
False
Let k be (-12)/9 - 3/(-9). Let q(w) = 34*w**2 - w - 1. Is q(k) a composite number?
True
Let j(z) = 780*z - 3. Let n be j(1). Suppose 0*a - n = -3*a. Is a a composite number?
True
Is (-4)/40*-474*5 a prime number?
False
Is (-2)/(-7) - 25056/(-63) prime?
False
Let s be 0 + 3 + -2 + 1. Suppose 0 = -5*y + 3*o - 16, 0 = -0*y + 3*y + s*o + 2. Is 37 + 0*y/(-4) prime?
True
Let l = 7 - -4. Let v be (l/(-2))/((-2)/(-20)). Let r = -18 - v. Is r a composite number?
False
Let g = -4 + 0. Let n(b) = -b**3 - 2*b**2 - b + 5. Let l be n(g). Is l/(-2)*-2 - 3 a composite number?
True
Let t = 11 + -6. Suppose 198 = t*s + 28. Is s a composite number?
True
Suppose -3*r - 866 = -m - 2*r, -m = 3*r - 862. Is m prime?
False
Let r = -5 - -1. Is r/10 - (-5285)/25 a prime number?
True
Suppose 1 = c - 0, a + 4 = 2*c. Is -1 + 85 - (a - -3) composite?
False
Is (2 + 197)/((-2)/(-2)) a composite number?
False
Let z(x) = 1266*x - 7. Is z(1) prime?
True
Suppose f - 5 = 0, -3*f = -2*m - 2*f + 165. Is m a composite number?
True
Let k be 155 - ((-2)/1 + 0). Is (-4)/10 - k/(-5) a composite number?
False
Suppose -7*j + 4*w = -3*j - 4, 19 = 5*j + 2*w. Suppose 155 = j*f + 2*f. Is f a composite number?
False
Is (2865/75)/((-1)/(-5)) prime?
True
Is (-4 - 327)*1/(-1) prime?
True
Let k(o) = o**3 + 17 + 6*o - 18*o - 6*o**2 - 6 + 15*o**2. Is k(-10) a prime number?
True
Let x be 2*((-7)/2 - -3). Let n(m) = -77*m**3 + m**2 + m. Is n(x) a prime number?
False
Suppose 373 = h - 3*a - 0*a, -2*a = 2*h - 762. Suppose h + 151 = 5*u. Suppose -2*y = -5*w + u, -3*w - 4*y + 82 = 8. Is w composite?
True
Let s = -9 - -11. Suppose -s*d + 1065 = d. Suppose y = -4*y + d. Is y a composite number?
False
Suppose 2*n - 2*m = -104, -m - 191 = 3*n + 3*m. Let j = n + 88. Is j a prime number?
True
Suppose -176 = -5*k + k. Suppose -y + k = y. Is y a prime number?
False
Let d(q) be the third derivative of 37*q**5/30 - q**4/24 + q**2. Let x be d(-1). Let g = -44 + x. Is g composite?
False
Let q = 11 + -8. Suppose 5 = -4*h - q, -27 = -u - 5*h. Is u prime?
True
Let j(y) = -y**2 - 9*y + 5. Let m be j(-9). Let a(o) = -o**3 + 6*o**2 + o + 7. Is a(m) prime?
True
Suppose -5*i = 4*w - 36, i = -3*i + 16. Suppose -w*a - 30 = -5*r, 7*a + 6 = r + 3*a. Suppose -d + 21 - r = 0. Is d a composite number?
True
Is ((-205282)/(-8))/11 - (-1)/4 a composite number?
False
Let b = 589 + -102. Is b prime?
True
Let q(u) be the first derivative of -u**4/4 - 4*u**3/3 - u**2/2 + 7*u - 1. Is q(-5) a composite number?
False
Suppose -4*q + 618 = 2*d, 3*d + 1232 = 7*d + 4*q. Is d a prime number?
True
Let p(f) = -3*f**3 - 3*f**2 + 2*f. Let g be p(3). Let d = 176 + g. Is d prime?
False
Let i = -6986 - -11265. Is i a prime number?
False
Let z = -2 + 6. Suppose a = 3*r - 73, -5*r = z*a - 0 - 133. Is r composite?
True
Let a = -15 - -95. Let p = a - 54. Is p a composite number?
True
Let o(w) = 16*w**2 - w + 4. Is o(-13) a prime number?
False
Suppose -15 = -5*i, -4*b - 5*i + i = 196. Let c = 6 - b. Is c composite?
True
Suppose -5*z - c + 788 = 0, 5*z = z + 2*c + 636. Let y = z + -73. Is y prime?
False
Suppose j - 2*v = 103, j + 4*j - 515 = -4*v. Is j prime?
True
Let g(z) = -25*z**3 + z**2 + z. Let k be 1 - (12/(-3) - -7). Is g(k) a prime number?
False
Let z(s) = -s**3 - 10*s**2 - 10*s - 3. Let n be z(-9). Suppose -3*p = -n*p + 549. Is p composite?
True
Is ((-29361)/(-63) - 12/(-42))*3 prime?
True
Let j = 8 + -6. Suppose 2 = j*p - 2. Is ((-6)/(-8))/(p/88) a composite number?
True
Let t(b) be the third derivative of -3*b**4/4 + 7*b**3/6 + 3*b**2. Is t(-6) composite?
True
Suppose 1532 + 128 = 4*k - 5*c, -5*k - 2*c = -2075. Is k a composite number?
True
Let m = 2748 - 647. Is m prime?
False
Let h be 1745/15 + 4/6. Let i = 26 + h. Is i a prime number?
False
Let h = 1088 + -103. Is h prime?
False
Let u(d) = -11*d + 6. Let g be u(-5). Let p = g + -36. Let y = p - 14. Is y prime?
True
Let j(o) = 2*o**2 - 4. Suppose -2*f + 12 = f. Let t be -5*(-1 - f/(-10)). Is j(t) a composite number?
True
Let b(g) = g**3 + 10*g**2 - 11*g + 2. Let a be b(-11). Suppose -43 + 137 = a*t. Is t composite?
False
Let y = 106 - -35. Is y a prime number?
False
Let b(u) = -19*u + 3. Let n be (-2 + -1 - 1)/1. Is b(n) composite?
False
Let b(z) = -3*z**3 - 4*z**2 - 13*z + 1. Let h(l) = 5*l**3 + 8*l**2 + 25*l - 3. Let y(q) = 7*b(q) + 4*h(q). Let n be y(7). Is 3/(-12) + n/(-4) a prime number?
False
Suppose -6*l + 4*l + 10 = 0. Suppose 5*w - 5*f = 115, -4*w - l*f + 32 + 24 = 0. Is w a prime number?
True
Suppose 530 - 28 = 2*o. Suppose -2*l + 3*l - o = 0. Is l a composite number?
False
Let c(a) = 22*a**2 - 2*a + 1. Let v(o) be the first derivative of o**2 - 3*o - 1. Let n be v(2). Is c(n) prime?
False
Let y(k) = 3*k + 2. Let u(m) = -1. Let h(s) = -6*u(s) + 3*y(s). Is h(9) composite?
True
Let v(i) = -287*i - 1. Let z be v(-1). Suppose 0 = -5*q - 2*n + 15, 5*n = 4*n. Suppose -z + 79 = -q*c. Is c prime?
False
Let q(k) = -k**3 - 5*k**2 - 3*k - 8. Let s be q(-6). Is s/(-4)*(-6)/3 composite?
False
Suppose 7*r - 12 = 3*r. Suppose -q = -3*w + 3 + 8, -q = -4. Suppose 2*h + 953 = 5*l, -r*h + 8*h - 960 = -w*l. Is l prime?
True
Suppose -7*v + 1890 = -2*v - t, 4*v = -5*t + 1483. Is v a composite number?
True
Is (-2554)/(-8) - 1/4 composite?
True
Let v = 253 - -82. Is v prime?
False
Let f(x) = -11*x + 3. Let i be f(6). Let t be (-140)/i - (-2)/(-9). Suppose 0*u = -t*u + 286. Is u composite?
True
Let r(v) be the second derivative of -v**5/6 + v**4/24 - v**3/3 - 3*v. Let o(g) be the second derivative of r(g). Is o(-1) composite?
True
Is (-4)/5 + 50704/80 com